or of 52437?
True
Does 599 divide 9568260?
False
Does 27 divide 525190?
False
Does 27 divide 66123?
True
Is 104874 a multiple of 35?
False
Is 31 a factor of 232717?
True
Is 3446566 a multiple of 822?
False
Does 6 divide 658158?
True
Does 85 divide 2970?
False
Is 1171220 a multiple of 785?
True
Is 52 a factor of 40508?
True
Is 501261 a multiple of 15?
False
Is 26 a factor of 242398?
True
Is 36828 a multiple of 31?
True
Is 5883726 a multiple of 13?
False
Does 583 divide 15481722?
False
Does 10 divide 102010?
True
Is 194141 a multiple of 30?
False
Does 12 divide 1118815?
False
Does 17 divide 2414647?
False
Is 119190 a multiple of 274?
True
Is 18 a factor of 3276?
True
Does 31 divide 2665380?
True
Does 87 divide 429028?
False
Is 2499200 a multiple of 176?
True
Is 88 a factor of 972048?
True
Is 541431 a multiple of 27?
True
Is 144 a factor of 6238512?
True
Is 25 a factor of 614650?
True
Is 2646336 a multiple of 168?
True
Is 1750668 a multiple of 7?
False
Is 2179530 a multiple of 915?
True
Does 523 divide 966599?
False
Does 746 divide 666178?
True
Is 94 a factor of 231343?
False
Is 19 a factor of 2072695?
False
Is 23 a factor of 7752023?
False
Is 420 a factor of 1397606?
False
Is 73 a factor of 300079?
False
Does 29 divide 128917?
False
Does 4 divide 374648?
True
Does 43 divide 87319?
False
Is 51709 a multiple of 89?
True
Is 7926597 a multiple of 11?
False
Is 3757754 a multiple of 134?
False
Is 10015577 a multiple of 194?
False
Does 5 divide 3970585?
True
Is 354692 a multiple of 26?
True
Is 2 a factor of 3447?
False
Does 27 divide 11830158?
True
Does 30 divide 443680?
False
Is 8 a factor of 64632?
True
Is 3882 even?
True
Is 493 a factor of 282982?
True
Is 17 a factor of 1145480?
False
Is 25 a factor of 276063?
False
Does 229 divide 682878?
True
Does 10 divide 511250?
True
Does 2790 divide 25226?
False
Is 10 a factor of 880010?
True
Is 585156 a multiple of 19?
False
Does 40 divide 212600?
True
Is 15 a factor of 996570?
True
Is 272 a factor of 20361?
False
Is 216678 a multiple of 147?
True
Is 183140 a multiple of 20?
True
Is 12 a factor of 155622?
False
Does 15 divide 670933?
False
Is 779573 a multiple of 88?
False
Is 1757711 a multiple of 223?
False
Is 394 a factor of 324554?
False
Does 6 divide 167207?
False
Does 140 divide 107660?
True
Is 165 a factor of 2054202?
False
Is 521 a factor of 365238?
False
Is 10 a factor of 105190?
True
Is 90 a factor of 195660?
True
Does 98 divide 687719?
False
Does 484 divide 4025428?
True
Is 36202 a multiple of 11?
False
Does 7 divide 964?
False
Is 271 a factor of 1791206?
False
Is 265 a factor of 63588?
False
Is 39 a factor of 2782299?
True
Is 10374966 a multiple of 368?
False
Does 6 divide 95940?
True
Does 4 divide 40132?
True
Does 21 divide 385137?
False
Is 759722 a multiple of 202?
True
Does 77 divide 13450206?
True
Is 5 a factor of 244031?
False
Is 1606545 a multiple of 9?
True
Is 835792 a multiple of 16?
True
Does 1158 divide 5878008?
True
Does 4 divide 2421604?
True
Does 123 divide 1427382?
False
Is 5954208 a multiple of 507?
True
Does 10 divide 3355160?
True
Does 186 divide 12352453?
False
Is 256446 a multiple of 9?
True
Does 33 divide 400356?
True
Does 22 divide 1056484?
True
Is 85 a factor of 437325?
True
Is 808 a factor of 2556891?
False
Does 58 divide 158224?
True
Is 94 a factor of 5042185?
False
Is 49 a factor of 1894732?
True
Is 29 a factor of 324464?
False
Does 860 divide 13312222?
False
Is 2192708 a multiple of 11?
False
Is 12 a factor of 412330?
False
Is 133 a factor of 151479?
False
Is 73615 a multiple of 21?
False
Is 6 a factor of 80052?
True
Does 85 divide 42670?
True
Does 365 divide 375914?
False
Does 6 divide 2171342?
False
Is 63 a factor of 1078560?
True
Is 337904 a multiple of 46?
False
Is 15 a factor of 1354395?
True
Is 20 a factor of 631964?
False
Is 456960 a multiple of 15?
True
Is 15513 a multiple of 4?
False
Is 126 a factor of 294555?
False
Is 71752 a multiple of 77?
False
Is 9220885 a multiple of 136?
False
Does 695 divide 1146046?
False
Is 94068 a multiple of 156?
True
Does 168 divide 717864?
True
Does 67 divide 2478074?
False
Does 27 divide 15768?
True
Is 1013 a factor of 138479?
False
Is 312 a factor of 2029660?
False
Is 1773809 a multiple of 127?
True
Is 323 a factor of 9669764?
False
Is 8061501 a multiple of 1033?
False
Does 5 divide 1412425?
True
Is 10 a factor of 18312080?
True
Does 541 divide 12200632?
True
Is 413 a factor of 2106513?
False
Does 19 divide 11305643?
False
Is 19934928 a multiple of 299?
True
Is 29330 a multiple of 35?
True
Is 8 a factor of 3513?
False
Does 423 divide 7778124?
True
Does 29 divide 4980605?
True
Does 267 divide 568224?
False
Does 51 divide 945948?
True
Does 234 divide 151632?
True
Is 9 a factor of 16488?
True
Is 278616 a multiple of 114?
True
Does 1133 divide 2501664?
True
Is 360576 a multiple of 9?
True
Is 21 a factor of 438690?
True
Is 5711244 a multiple of 33?
True
Is 178944 a multiple of 128?
True
Is 18 a factor of 362700?
True
Is 819 a factor of 3914820?
True
Does 75 divide 109177?
False
Does 9 divide 2434854?
False
Is 14481 a multiple of 32?
False
Is 228748 a multiple of 166?
True
Is 228 a factor of 11387232?
True
Is 265419 a multiple of 77?
True
Does 81 divide 6100920?
True
Is 1599410 a multiple of 84?
False
Does 4 divide 317772?
True
Does 15 divide 81030?
True
Is 6 a factor of 2459952?
True
Is 696236 a multiple of 12?
False
Is 7141442 a multiple of 1106?
True
Does 62 divide 493954?
True
Does 20 divide 635617?
False
Does 47 divide 182503?
False
Is 837368 a multiple of 76?
True
Is 340703 a multiple of 225?
False
Does 17 divide 61761?
True
Does 710 divide 1435204?
False
Is 33192 a multiple of 12?
True
Does 634 divide 10778?
True
Is 2 a factor of 26053?
False
Does 36 divide 3185122?
False
Is 787081 a multiple of 281?
True
Is 18400384 a multiple of 928?
True
Does 227 divide 2019392?
True
Is 30 a factor of 19759?
False
Is 7569 a multiple of 17?
False
Is 630 a factor of 7982730?
True
Does 183 divide 11793055?
False
Does 57 divide 810838?
False
Is 349860 a multiple of 245?
True
Does 33 divide 104544?
True
Is 444704 a multiple of 26?
True
Is 387840 a multiple of 16?
True
Is 5 a factor of 101815?
True
Is 182 a factor of 108836?
True
Does 590 divide 3290430?
True
Is 7267311 a multiple of 16?
False
Does 5 divide 6786500?
True
Is 3 a factor of 2615003?
False
Is 30 a factor of 6075750?
True
Is 357 a factor of 2807495?
False
Is 128214 a multiple of 34?
True
Does 64 divide 122880?
True
Does 234 divide 2091258?
True
Is 70 a factor of 648550?
True
Is 13 a factor of 174006?
False
Is 66369 a multiple of 3?
True
Is 6 a factor of 491375?
False
Is 242880 a multiple of 46?
True
Is 3298226 a multiple of 199?
True
Is 28 a factor of 85568?
True
Does 180 divide 1015200?
True
Does 9 divide 355077?
True
Is 20 a factor of 1673110?
False
Is 77627 a multiple of 10?
False
Does 18 divide 4887513?
False
Does 164 divide 8726604?
True
Does 27 divide 124173?
True
Does 7 divide 56934?
False
Is 2382 a multiple of 60?
False
Is 22 a factor of 5514267?
False
Is 29 a factor of 866781?
True
Does 2 divide 329653?
False
Is 9 a factor of 2010137?
False
Is 8403690 a multiple of 15?
True
Is 12 a factor of 2124269?
False
Is 2216340 a multiple of 42?
True
Is 2301367 a multiple of 37?
False
Is 52211 a multiple of 3?
False
Is 63 a factor of 56648?
False
Is 158894 a multiple of 107?
False
Is 17 a factor of 1502562?
True
Is 10018710 a multiple of 165?
False
Is 156936 a multiple of 4?
True
Does 5 divide 323116?
False
Is 98 a factor of 5902575?
False
Does 31 divide 50236?
False
Does 18 divide 6967761?
False
Is 38 a factor of 2435610?
True
Is 188400 a multiple of 62?
False
Is 247369 a multiple of 131?
False
Is 4 a factor of 66581?
False
Does 66 divide 638264?
False
Is 921249 a multiple of 63?
True
Is 13 a factor of 27573?
True
Does 33 divide 1066560?
True
Is 153 a factor of 203337?
True
Does 36 divide 348732?
True
Does 488 divide 11093675?
False
Does 4 divide 37924?
True
Is 45 a factor of 1451847?
False
Does 93 divide 485460?
True
Does 26 divide 13752963?
False
Does 54 divide 15107?
False
Is 5 a factor of 108879?
False
Is 356 a factor of 937704?
True
Is 217 a factor of 426974?
False
Is 3840496 a multiple of 22?
True
Does 15 divide 6785250?
True
Is 3088445 a multiple of 8?
False
Does 31 divide 3485